{"id":56,"date":"2017-07-10T18:51:58","date_gmt":"2017-07-10T16:51:58","guid":{"rendered":"http:\/\/www.brennessel-kiel.de\/wordpress\/?page_id=56"},"modified":"2019-09-30T13:33:34","modified_gmt":"2019-09-30T11:33:34","slug":"obst-gemuese","status":"publish","type":"page","link":"http:\/\/www.brennessel-kiel.de\/wordpress\/obst-gemuese\/","title":{"rendered":"Obst &#038; Gem\u00fcse"},"content":{"rendered":"<h4><img loading=\"lazy\" decoding=\"async\" class=\"aligncenter wp-image-976 size-medium\" src=\"http:\/\/www.brennessel-kiel.de\/wordpress\/wp-content\/uploads\/2019\/09\/DSC09106-1-300x200.jpg\" alt=\"\" width=\"300\" height=\"200\" srcset=\"http:\/\/www.brennessel-kiel.de\/wordpress\/wp-content\/uploads\/2019\/09\/DSC09106-1-300x200.jpg 300w, http:\/\/www.brennessel-kiel.de\/wordpress\/wp-content\/uploads\/2019\/09\/DSC09106-1-768x512.jpg 768w, http:\/\/www.brennessel-kiel.de\/wordpress\/wp-content\/uploads\/2019\/09\/DSC09106-1-1024x683.jpg 1024w, http:\/\/www.brennessel-kiel.de\/wordpress\/wp-content\/uploads\/2019\/09\/DSC09106-1.jpg 1080w\" sizes=\"(max-width: 300px) 100vw, 300px\" \/><\/h4>\n<h2 style=\"text-align: center;\">Unsere Philosophie:<\/h2>\n<p>\u2022 Wir beziehen so viel Gem\u00fcse und Obst wie m\u00f6glich aus der Region und von uns bekannten Erzeugern.<br \/>\n\u2022 Wir werden von zwei Bioh\u00f6fen aus der Region mehrmals in der Woche beliefert, vor allem nat\u00fcrlich im Sommer.<br \/>\n\u2022 2-3 x die Woche beliefert uns Stefan vom Gem\u00fcsehof B\u00f6hnreben aus Felm, der uns immer wieder mit seinem ph\u00e4nomenalen Qualit\u00e4tsanspruch begeistert. Er bringt einfach immer tolles Gem\u00fcse, frischer geht\u00b4s fast gar nicht. Ein ganz besonderer Genuss sind seine superleckeren Tomaten, au\u00dferdem erntet er im Herbst die dicksten und k\u00f6stlichsten Physalis der n\u00f6rdlichen Hemisph\u00e4re.&nbsp;<br \/>\n\u2022 1 x die Woche bekommen wir dann noch Gem\u00fcse vom <strong><a href=\"http:\/\/wittschap.de\/\" target=\"_blank\" rel=\"noopener\">Demeterhof Wittschap<\/a><\/strong> aus Kiel-Russee. Und was besonders toll ist, von dort k\u00f6nnen wir im Fr\u00fchjahr auch Jungpflanzen beziehen.<\/p>\n<p><img loading=\"lazy\" decoding=\"async\" class=\"wp-image-457 alignright\" src=\"http:\/\/www.brennessel-kiel.de\/wordpress\/wp-content\/uploads\/2017\/07\/DSCN1995-225x300.jpg\" alt=\"\" width=\"191\" height=\"254\" srcset=\"http:\/\/www.brennessel-kiel.de\/wordpress\/wp-content\/uploads\/2017\/07\/DSCN1995-225x300.jpg 225w, http:\/\/www.brennessel-kiel.de\/wordpress\/wp-content\/uploads\/2017\/07\/DSCN1995.jpg 750w\" sizes=\"(max-width: 191px) 100vw, 191px\" \/>\u2022 Zus\u00e4tzlich gibt es jede Menge frisches Obst und Gem\u00fcse von unseren hilfreichen Gro\u00dfh\u00e4ndlern.<br \/>\nVon unserem regionalen Gro\u00dfh\u00e4ndler Naturkost Nord bekommen wir je nach Jahreszeit Gem\u00fcse und Obst aus Schleswig-Holstein, zum Beispiel die leckeren Moorm\u00f6hren von Christiansens Biolandhof, die wir den ganzen Winter \u00fcber haben.<br \/>\nEbenfalls super sind die Demeter\u00e4pfel vom<span style=\"color: #333399;\"><strong><a href=\"https:\/\/www.bioaugustin.de\/\" target=\"_blank\" rel=\"noopener\"> Obsthofgemeinschaft Augustin<\/a><\/strong><\/span> aus dem Alten Land. Insbesondere die Sorten Holsteiner Cox, Elstar und Topaz erfreuen sich gr\u00f6\u00dfter Beliebtheit.<\/p>\n<p>\u2022 Unser Hauptlieferant, Bio-Gro\u00dfh\u00e4ndler Weiling, beliefert uns t\u00e4glich mit frischem Obst und Gem\u00fcse. Besonders gut finden wir bei ihm die bioladen*-Obst-und Gem\u00fcsepartner in Deutschland, Europa und aller Welt. Es handelt sich bei diesen bioladen*-Erzeugern um langj\u00e4hrige Partner von Weiling. Man kennt sich, ist in Kontakt und Austausch und handelt miteinander auf Augenh\u00f6he.<\/p>\n<p>Hier gibt\u00b4s richtig h\u00fcbsch gemachte Informationen und Filmchen \u00fcber die Bioladen-Erzeugerpartner:&nbsp;<span style=\"color: #333399;\"><a href=\"https:\/\/www.bioladen.de\/bio-erzeuger-mediathek\/\">https:\/\/www.bioladen.de\/bio-erzeuger-mediathek\/&nbsp;<\/a>&nbsp;<\/span><\/p>\n<p>Besonders hei\u00df erwartet werden jedes Jahr im November die Clementinen und Orangen von Biosybaris aus Kalabrien. Sie sind richtig lecker und immer von guter Qualit\u00e4t.<\/p>\n<p>Doris erz\u00e4hlt: &#8222;Im Oktober 2013 war ich bei einer Erzeugerreise zu Anbauern in S\u00fcditalien auf diesen beiden und weiteren H\u00f6fen zu Gast und konnte mich dort selber informieren und mit den Menschen vor Ort ins Gespr\u00e4ch kommen. Das war ein einmaliges Erlebnis, nicht zuletzt auch wegen der gro\u00dfen Gastfreundschaft der Italiener.&#8220;<\/p>\n<p>Etwas Besonderes sind auch die Bananen von bioladen*-fair-Projekten aus der Dominikanischen Republik und aus Peru. Je 1 Cent pro Banane flie\u00dfen in beiden L\u00e4ndern in Waldorfkinderg\u00e4rten und Schulen. Diese Bananen verkaufen wir besonders gern!<br \/>\nEin weiteres bioladen*-fair-Projekt wird gerade in Burkina Faso von Weiling aufgebaut. Von hier bekommen wir unter anderem Mangos und auch die leckeren bioladen*-Cashews.<\/p>\n<p>&nbsp;<\/p>\n","protected":false},"excerpt":{"rendered":"<div class=\"slide-text-bg2\"><span>Unsere Philosophie: \u2022 Wir beziehen so viel Gem\u00fcse und Obst wie m\u00f6glich aus der Region und von uns bekannten Erzeugern. \u2022 Wir werden von zwei Bioh\u00f6fe<\/span><\/div>\n<div class=\"slide-btn-area-sm\"><a href=\"http:\/\/www.brennessel-kiel.de\/wordpress\/obst-gemuese\/\" class=\"slide-btn-sm\">weiterlesen<\/a><\/div>\n","protected":false},"author":1,"featured_media":0,"parent":0,"menu_order":0,"comment_status":"closed","ping_status":"closed","template":"","meta":{"footnotes":""},"_links":{"self":[{"href":"http:\/\/www.brennessel-kiel.de\/wordpress\/wp-json\/wp\/v2\/pages\/56"}],"collection":[{"href":"http:\/\/www.brennessel-kiel.de\/wordpress\/wp-json\/wp\/v2\/pages"}],"about":[{"href":"http:\/\/www.brennessel-kiel.de\/wordpress\/wp-json\/wp\/v2\/types\/page"}],"author":[{"embeddable":true,"href":"http:\/\/www.brennessel-kiel.de\/wordpress\/wp-json\/wp\/v2\/users\/1"}],"replies":[{"embeddable":true,"href":"http:\/\/www.brennessel-kiel.de\/wordpress\/wp-json\/wp\/v2\/comments?post=56"}],"version-history":[{"count":17,"href":"http:\/\/www.brennessel-kiel.de\/wordpress\/wp-json\/wp\/v2\/pages\/56\/revisions"}],"predecessor-version":[{"id":978,"href":"http:\/\/www.brennessel-kiel.de\/wordpress\/wp-json\/wp\/v2\/pages\/56\/revisions\/978"}],"wp:attachment":[{"href":"http:\/\/www.brennessel-kiel.de\/wordpress\/wp-json\/wp\/v2\/media?parent=56"}],"curies":[{"name":"wp","href":"https:\/\/api.w.org\/{rel}","templated":true}]}}

Obst &#038; Gemüse

<h4><img loading="lazy" decoding="async" class="aligncenter wp-image-976 size-medium" src="http://www.brennessel-kiel.de/wordpress/wp-content/uploads/2019/09/DSC09106-1-300x200.jpg" alt="" width="300" height="200" srcset="http://www.brennessel-kiel.de/wordpress/wp-content/uploads/2019/09/DSC09106-1-300x200.jpg 300w, http://www.brennessel-kiel.de/wordpress/wp-content/uploads/2019/09/DSC09106-1-768x512.jpg 768w, http://www.brennessel-kiel.de/wordpress/wp-content/uploads/2019/09/DSC09106-1-1024x683.jpg 1024w, http://www.brennessel-kiel.de/wordpress/wp-content/uploads/2019/09/DSC09106-1.jpg 1080w" sizes="(max-width: 300px) 100vw, 300px" /></h4>
<h2 style="text-align: center;">Unsere Philosophie:</h2>
<p>• Wir beziehen so viel Gemüse und Obst wie möglich aus der Region und von uns bekannten Erzeugern.<br />
• Wir werden von zwei Biohöfen aus der Region mehrmals in der Woche beliefert, vor allem natürlich im Sommer.<br />
• 2-3 x die Woche beliefert uns Stefan vom Gemüsehof Böhnreben aus Felm, der uns immer wieder mit seinem phänomenalen Qualitätsanspruch begeistert. Er bringt einfach immer tolles Gemüse, frischer geht´s fast gar nicht. Ein ganz besonderer Genuss sind seine superleckeren Tomaten, außerdem erntet er im Herbst die dicksten und köstlichsten Physalis der nördlichen Hemisphäre.&nbsp;<br />
• 1 x die Woche bekommen wir dann noch Gemüse vom <strong><a href="http://wittschap.de/" target="_blank" rel="noopener">Demeterhof Wittschap</a></strong> aus Kiel-Russee. Und was besonders toll ist, von dort können wir im Frühjahr auch Jungpflanzen beziehen.</p>
<p><img loading="lazy" decoding="async" class="wp-image-457 alignright" src="http://www.brennessel-kiel.de/wordpress/wp-content/uploads/2017/07/DSCN1995-225x300.jpg" alt="" width="191" height="254" srcset="http://www.brennessel-kiel.de/wordpress/wp-content/uploads/2017/07/DSCN1995-225x300.jpg 225w, http://www.brennessel-kiel.de/wordpress/wp-content/uploads/2017/07/DSCN1995.jpg 750w" sizes="(max-width: 191px) 100vw, 191px" />• Zusätzlich gibt es jede Menge frisches Obst und Gemüse von unseren hilfreichen Großhändlern.<br />
Von unserem regionalen Großhändler Naturkost Nord bekommen wir je nach Jahreszeit Gemüse und Obst aus Schleswig-Holstein, zum Beispiel die leckeren Moormöhren von Christiansens Biolandhof, die wir den ganzen Winter über haben.<br />
Ebenfalls super sind die Demeteräpfel vom<span style="color: #333399;"><strong><a href="https://www.bioaugustin.de/" target="_blank" rel="noopener"> Obsthofgemeinschaft Augustin</a></strong></span> aus dem Alten Land. Insbesondere die Sorten Holsteiner Cox, Elstar und Topaz erfreuen sich größter Beliebtheit.</p>
<p>• Unser Hauptlieferant, Bio-Großhändler Weiling, beliefert uns täglich mit frischem Obst und Gemüse. Besonders gut finden wir bei ihm die bioladen*-Obst-und Gemüsepartner in Deutschland, Europa und aller Welt. Es handelt sich bei diesen bioladen*-Erzeugern um langjährige Partner von Weiling. Man kennt sich, ist in Kontakt und Austausch und handelt miteinander auf Augenhöhe.</p>
<p>Hier gibt´s richtig hübsch gemachte Informationen und Filmchen über die Bioladen-Erzeugerpartner:&nbsp;<span style="color: #333399;"><a href="https://www.bioladen.de/bio-erzeuger-mediathek/">https://www.bioladen.de/bio-erzeuger-mediathek/&nbsp;</a>&nbsp;</span></p>
<p>Besonders heiß erwartet werden jedes Jahr im November die Clementinen und Orangen von Biosybaris aus Kalabrien. Sie sind richtig lecker und immer von guter Qualität.</p>
<p>Doris erzählt: &#8222;Im Oktober 2013 war ich bei einer Erzeugerreise zu Anbauern in Süditalien auf diesen beiden und weiteren Höfen zu Gast und konnte mich dort selber informieren und mit den Menschen vor Ort ins Gespräch kommen. Das war ein einmaliges Erlebnis, nicht zuletzt auch wegen der großen Gastfreundschaft der Italiener.&#8220;</p>
<p>Etwas Besonderes sind auch die Bananen von bioladen*-fair-Projekten aus der Dominikanischen Republik und aus Peru. Je 1 Cent pro Banane fließen in beiden Ländern in Waldorfkindergärten und Schulen. Diese Bananen verkaufen wir besonders gern!<br />
Ein weiteres bioladen*-fair-Projekt wird gerade in Burkina Faso von Weiling aufgebaut. Von hier bekommen wir unter anderem Mangos und auch die leckeren bioladen*-Cashews.</p>
<p>&nbsp;</p>

<div class="slide-text-bg2"><span>Unsere Philosophie: • Wir beziehen so viel Gemüse und Obst wie möglich aus der Region und von uns bekannten Erzeugern. • Wir werden von zwei Biohöfe</span></div>
<div class="slide-btn-area-sm"><a href="http://www.brennessel-kiel.de/wordpress/obst-gemuese/" class="slide-btn-sm">weiterlesen</a></div>
