{"id":48,"date":"2017-07-10T18:38:39","date_gmt":"2017-07-10T16:38:39","guid":{"rendered":"http:\/\/www.brennessel-kiel.de\/wordpress\/?page_id=48"},"modified":"2019-02-07T16:01:56","modified_gmt":"2019-02-07T15:01:56","slug":"kosmetik","status":"publish","type":"page","link":"http:\/\/www.brennessel-kiel.de\/wordpress\/kosmetik\/","title":{"rendered":"Naturkosmetik"},"content":{"rendered":"<p><img loading=\"lazy\" decoding=\"async\" class=\"\" src=\"http:\/\/www.brennessel-kiel.de\/wordpress\/wp-content\/gallery\/ladenschau\/thumbs\/thumbs_DSCN1324.jpg?i=1944163247\" width=\"476\" height=\"317\">&nbsp; &nbsp;<\/p>\n<h2>Naturkosmetik<\/h2>\n<p>In unserem Kosmetikregal findet ihr ein buntes Angebot. So sind wir zum Beispiel<strong> <a href=\"https:\/\/www.dr.hauschka.com\/de_DE\/\" target=\"_blank\" rel=\"noopener\">Dr. Hauschka<\/a><\/strong>-Partner und haben die gesamte Produktpalette an Pflegeprodukten.<\/p>\n<p>Nat\u00fcrlich gibt bei uns bei uns auch die tolle Algenkosmetik aus unserer Nachbarschaft Kiel-Holtenau:<\/p>\n<p><strong><a href=\"https:\/\/www.oceanwell.de\/\" target=\"_blank\" rel=\"noopener\">Oceanwell&nbsp;<\/a><\/strong>&#8211; zertifizierte Naturkosmetik mit reinem Kulturalgenextrakt von der ersten Bio-Algenfarm der Ostsee. Die Algenfarm befindet sich hier ganz in der N\u00e4he unseres Hausstrandes, dem Falckensteiner Strand.<\/p>\n<p><a href=\"https:\/\/www.oceanwell.de\/\" target=\"_blank\" rel=\"noopener\"><img loading=\"lazy\" decoding=\"async\" class=\"alignright wp-image-620\" src=\"http:\/\/www.brennessel-kiel.de\/wordpress\/wp-content\/uploads\/2017\/07\/oceanwell_augencreme_10001-300x300.jpg\" alt=\"\" width=\"183\" height=\"183\" srcset=\"http:\/\/www.brennessel-kiel.de\/wordpress\/wp-content\/uploads\/2017\/07\/oceanwell_augencreme_10001-300x300.jpg 300w, http:\/\/www.brennessel-kiel.de\/wordpress\/wp-content\/uploads\/2017\/07\/oceanwell_augencreme_10001-150x150.jpg 150w, http:\/\/www.brennessel-kiel.de\/wordpress\/wp-content\/uploads\/2017\/07\/oceanwell_augencreme_10001-768x768.jpg 768w, http:\/\/www.brennessel-kiel.de\/wordpress\/wp-content\/uploads\/2017\/07\/oceanwell_augencreme_10001.jpg 1000w\" sizes=\"(max-width: 183px) 100vw, 183px\" \/><\/a><\/p>\n<p>K\u00f6rper- und Haarpflegeprodukte f\u00fcr Gro\u00df und Klein aus dem Hause Weleda und Lavera sowie die ayurvedisch inspirierten Haarf\u00e4rbe und -pflegemittel von Khadi runden das Programm ab.<\/p>\n<p><strong>*NEU*<\/strong> Ab sofort findet ihr in unseren Regalen auch tolle Produkte der Hersteller farfalla und Urtekram! Da wir die Artikel vom Hersteller Logocos ausgelistet haben (Logona, Sante, Fitne&#8230;) <em>[lese <a href=\"http:\/\/www.brennessel-kiel.de\/wordpress\/wp-content\/uploads\/2019\/01\/LogonaAde.pdf\" target=\"_blank\" rel=\"noopener\">hier<\/a> warum]<\/em>, hatten wir Platz f\u00fcr frischen Wind in der Kosmetikecke <strong>*NEU*<\/strong><\/p>\n<p>Dar\u00fcberhinaus findet ihr bei uns auch \u00e4therische \u00d6le und Duftmischungen von Primavera, Taoasis, Baldini und vieles andere mehr.<\/p>\n<p>Mit Sonnencremes, -lotionen und -Sprays versorgen uns Eco Cosmetics und neuerdings auch Laboratoires de Biarritz mit ihren Alga Maris-Sonnenschutzprodukten.<\/p>\n<p>Ausprobieren lohnt sich auch hier!<\/p>\n<h4><strong>-&gt; Sprecht uns bitte an, wenn ihr etwas nicht findet oder es nicht vorr\u00e4tig ist &#8211; wir k\u00f6nnen innerhalb von 2-5 Werktagen s\u00e4mtliche Artikel f\u00fcr euch bestellen <em>(auch von Herstellern, die wir sonst nicht vorr\u00e4tig haben).<\/em><br \/>\n<\/strong><\/h4>\n<p>&nbsp;<\/p>\n","protected":false},"excerpt":{"rendered":"<div class=\"slide-text-bg2\"><span>&nbsp; &nbsp; Naturkosmetik In unserem Kosmetikregal findet ihr ein buntes Angebot. So sind wir zum Beispiel Dr. Hauschka-Partner und haben die gesamte Pro<\/span><\/div>\n<div class=\"slide-btn-area-sm\"><a href=\"http:\/\/www.brennessel-kiel.de\/wordpress\/kosmetik\/\" class=\"slide-btn-sm\">weiterlesen<\/a><\/div>\n","protected":false},"author":1,"featured_media":0,"parent":0,"menu_order":0,"comment_status":"closed","ping_status":"closed","template":"","meta":{"footnotes":""},"_links":{"self":[{"href":"http:\/\/www.brennessel-kiel.de\/wordpress\/wp-json\/wp\/v2\/pages\/48"}],"collection":[{"href":"http:\/\/www.brennessel-kiel.de\/wordpress\/wp-json\/wp\/v2\/pages"}],"about":[{"href":"http:\/\/www.brennessel-kiel.de\/wordpress\/wp-json\/wp\/v2\/types\/page"}],"author":[{"embeddable":true,"href":"http:\/\/www.brennessel-kiel.de\/wordpress\/wp-json\/wp\/v2\/users\/1"}],"replies":[{"embeddable":true,"href":"http:\/\/www.brennessel-kiel.de\/wordpress\/wp-json\/wp\/v2\/comments?post=48"}],"version-history":[{"count":14,"href":"http:\/\/www.brennessel-kiel.de\/wordpress\/wp-json\/wp\/v2\/pages\/48\/revisions"}],"predecessor-version":[{"id":837,"href":"http:\/\/www.brennessel-kiel.de\/wordpress\/wp-json\/wp\/v2\/pages\/48\/revisions\/837"}],"wp:attachment":[{"href":"http:\/\/www.brennessel-kiel.de\/wordpress\/wp-json\/wp\/v2\/media?parent=48"}],"curies":[{"name":"wp","href":"https:\/\/api.w.org\/{rel}","templated":true}]}}

<p><img loading="lazy" decoding="async" class="" src="http://www.brennessel-kiel.de/wordpress/wp-content/gallery/ladenschau/thumbs/thumbs_DSCN1324.jpg?i=1944163247" width="476" height="317">&nbsp; &nbsp;</p>
<h2>Naturkosmetik</h2>
<p>In unserem Kosmetikregal findet ihr ein buntes Angebot. So sind wir zum Beispiel<strong> <a href="https://www.dr.hauschka.com/de_DE/" target="_blank" rel="noopener">Dr. Hauschka</a></strong>-Partner und haben die gesamte Produktpalette an Pflegeprodukten.</p>
<p>Natürlich gibt bei uns bei uns auch die tolle Algenkosmetik aus unserer Nachbarschaft Kiel-Holtenau:</p>
<p><strong><a href="https://www.oceanwell.de/" target="_blank" rel="noopener">Oceanwell&nbsp;</a></strong>&#8211; zertifizierte Naturkosmetik mit reinem Kulturalgenextrakt von der ersten Bio-Algenfarm der Ostsee. Die Algenfarm befindet sich hier ganz in der Nähe unseres Hausstrandes, dem Falckensteiner Strand.</p>
<p><a href="https://www.oceanwell.de/" target="_blank" rel="noopener"><img loading="lazy" decoding="async" class="alignright wp-image-620" src="http://www.brennessel-kiel.de/wordpress/wp-content/uploads/2017/07/oceanwell_augencreme_10001-300x300.jpg" alt="" width="183" height="183" srcset="http://www.brennessel-kiel.de/wordpress/wp-content/uploads/2017/07/oceanwell_augencreme_10001-300x300.jpg 300w, http://www.brennessel-kiel.de/wordpress/wp-content/uploads/2017/07/oceanwell_augencreme_10001-150x150.jpg 150w, http://www.brennessel-kiel.de/wordpress/wp-content/uploads/2017/07/oceanwell_augencreme_10001-768x768.jpg 768w, http://www.brennessel-kiel.de/wordpress/wp-content/uploads/2017/07/oceanwell_augencreme_10001.jpg 1000w" sizes="(max-width: 183px) 100vw, 183px" /></a></p>
<p>Körper- und Haarpflegeprodukte für Groß und Klein aus dem Hause Weleda und Lavera sowie die ayurvedisch inspirierten Haarfärbe und -pflegemittel von Khadi runden das Programm ab.</p>
<p><strong>*NEU*</strong> Ab sofort findet ihr in unseren Regalen auch tolle Produkte der Hersteller farfalla und Urtekram! Da wir die Artikel vom Hersteller Logocos ausgelistet haben (Logona, Sante, Fitne&#8230;) <em>[lese <a href="http://www.brennessel-kiel.de/wordpress/wp-content/uploads/2019/01/LogonaAde.pdf" target="_blank" rel="noopener">hier</a> warum]</em>, hatten wir Platz für frischen Wind in der Kosmetikecke <strong>*NEU*</strong></p>
<p>Darüberhinaus findet ihr bei uns auch ätherische Öle und Duftmischungen von Primavera, Taoasis, Baldini und vieles andere mehr.</p>
<p>Mit Sonnencremes, -lotionen und -Sprays versorgen uns Eco Cosmetics und neuerdings auch Laboratoires de Biarritz mit ihren Alga Maris-Sonnenschutzprodukten.</p>
<p>Ausprobieren lohnt sich auch hier!</p>
<h4><strong>-&gt; Sprecht uns bitte an, wenn ihr etwas nicht findet oder es nicht vorrätig ist &#8211; wir können innerhalb von 2-5 Werktagen sämtliche Artikel für euch bestellen <em>(auch von Herstellern, die wir sonst nicht vorrätig haben).</em><br />
</strong></h4>
<p>&nbsp;</p>
