{"id":28,"date":"2017-07-10T18:24:46","date_gmt":"2017-07-10T16:24:46","guid":{"rendered":"http:\/\/www.brennessel-kiel.de\/wordpress\/?page_id=28"},"modified":"2024-01-02T20:38:45","modified_gmt":"2024-01-02T19:38:45","slug":"produkte","status":"publish","type":"page","link":"http:\/\/www.brennessel-kiel.de\/wordpress\/produkte\/","title":{"rendered":"Produkte"},"content":{"rendered":"<h4 class=\"paragraph_style_3\" style=\"text-align: left;\"><a class=\"ngg-fancybox\" title=\" \" href=\"http:\/\/www.brennessel-kiel.de\/wordpress\/wp-content\/gallery\/ladenschau\/DSC08835.JPG\" data-image-id=\"67\" data-src=\"http:\/\/www.brennessel-kiel.de\/wordpress\/wp-content\/gallery\/ladenschau\/DSC08835.JPG\" data-thumbnail=\"http:\/\/www.brennessel-kiel.de\/wordpress\/wp-content\/gallery\/ladenschau\/thumbs\/thumbs_DSC08835.JPG\" data-title=\"DSC08835\" data-description=\" \"><img loading=\"lazy\" decoding=\"async\" class=\"ngg-singlepic ngg-none aligncenter\" src=\"http:\/\/www.brennessel-kiel.de\/wordpress\/wp-content\/gallery\/ladenschau\/thumbs\/thumbs_DSC08835.JPG\" alt=\"DSC08835\" width=\"380\" height=\"253\"><\/a><\/h4>\n<h2 class=\"paragraph_style_3\" style=\"text-align: left;\"><span style=\"color: #008000;\">Unsere \u00f6kologische Produktpalette<br \/>\n<\/span><\/h2>\n<p>Auf gut 90 m\u00b2 findet ihr in der Brennessel eine \u00fcberraschend gro\u00dfe Vielfalt an biologisch angebauten und produzierten Waren.<br \/>\nIn den letzten Jahren haben wir jedes Mal eine Urkunde bei der Schrot und Korn- Leserwahl f\u00fcr unsere Sortimentsvielfalt bekommen.<\/p>\n<h4 class=\"paragraph_style_4\"><span style=\"color: #339966;\">Bei uns steht nicht nur Bio drauf &#8211; Bei uns ist auch wirklich nur Bio drin \ud83d\ude42<\/span><\/h4>\n<h4 style=\"text-align: center;\"><span style=\"color: #808080;\"><em><strong>S O R T I M E N T S V I E L F A L T:<\/strong><\/em><\/span><\/h4>\n<ul>\n<li>\n<h4><a href=\"http:\/\/www.brennessel-kiel.de\/wordpress\/backwaren\/\" target=\"_blank\" rel=\"noopener\"><span style=\"color: #339966;\">Brot, Br\u00f6tchen<\/span><\/a> und Brotaufstriche<\/h4>\n<\/li>\n<li>\n<h4>Milch, Joghurt, Quark und Eier<\/h4>\n<\/li>\n<li>\n<h4>Ein reichhaltiges<a href=\"http:\/\/www.brennessel-kiel.de\/wordpress\/kaese\/\" target=\"_blank\" rel=\"noopener\"><span style=\"color: #339966;\"> K\u00e4seangebot <\/span><\/a>aus Kuh-, Schaf- und Ziegenmilch<\/h4>\n<\/li>\n<li>\n<h4><a href=\"http:\/\/www.brennessel-kiel.de\/wordpress\/fleisch\/\" target=\"_blank\" rel=\"noopener\"><span style=\"color: #339966;\">Biofleisch und -wurst<\/span><\/a> aus artgerechter Tierhaltung<\/h4>\n<\/li>\n<li>\n<h4>T\u00e4glich frisches<a href=\"http:\/\/www.brennessel-kiel.de\/wordpress\/obst-gemuese\/\" target=\"_blank\" rel=\"noopener\"><span style=\"color: #339966;\"> Obst und Gem\u00fcse<\/span><\/a><\/h4>\n<\/li>\n<li>\n<h4>Babynahrung<\/h4>\n<\/li>\n<li>\n<h4><span style=\"color: #339966;\"><a href=\"http:\/\/www.brennessel-kiel.de\/wordpress\/kosmetik\/\" target=\"_blank\" rel=\"noopener\"><span style=\"color: #339966;\">Naturkosmetik<\/span><\/a><\/span> &#8211; auch Shampoo Bars, Parf\u00fcm, wiederverwendbare Abschminkpads&#8230;<\/h4>\n<\/li>\n<li>\n<h4>Getreide, auch losen Roggen, Weizen und Dinkel, M\u00fcsli<\/h4>\n<\/li>\n<li>\n<h4>Hafer-, Soja-, Reisdrinks &#8230;.<\/h4>\n<\/li>\n<li>\n<h4>Obst- und Gem\u00fcses\u00e4fte, Erfrischungsgetr\u00e4nke, Bier und Wein<\/h4>\n<\/li>\n<li>\n<h4>Kaffee, Tee und Kakao<\/h4>\n<\/li>\n<li>\n<h4>Antipasti und andere Spezialit\u00e4ten<\/h4>\n<\/li>\n<li>\n<h4><a href=\"http:\/\/www.brennessel-kiel.de\/wordpress\/veganes\/\" target=\"_blank\" rel=\"noopener\"><span style=\"color: #339966;\">Vegan<\/span><\/a>\/Vegetarischer Frischek\u00fchlschrank<\/h4>\n<\/li>\n<li>\n<h4>Schokolade, Kekse, Chips, andere Knabbereien und Eis<\/h4>\n<\/li>\n<li>\n<h4>Kerzen, Aufbewahrungsdosen, Backpapier&#8230; und Geschenkartikel<\/h4>\n<\/li>\n<\/ul>\n<h4>F\u00fcr n\u00e4here Informationen schaut gerne in den Unterpunkten nach oder sprecht uns an.<\/h4>\n<p style=\"text-align: center;\"><a href=\"http:\/\/www.brennessel-kiel.de\/wordpress\/wp-content\/uploads\/2019\/02\/Liefer\u00fcbersicht.pdf\" target=\"_blank\" rel=\"noopener\"><strong>Hier gehts zur Liefer\u00fcbersicht<\/strong><\/a><\/p>\n<p>Wir werden t\u00e4glich von unserem Gro\u00dfh\u00e4ndler <span style=\"color: #0000ff;\"><a href=\"http:\/\/weiling.de\/weiling\/\" target=\"_blank\" rel=\"noopener\">Weiling <\/a><\/span>und zweimal w\u00f6chentlich von <a href=\"http:\/\/www.naturkost-nord.de\/\" target=\"_blank\" rel=\"noopener\">Naturkost Nord<\/a>&nbsp; mit frischem Obst und Gem\u00fcse, K\u00e4se, und Molkereiprodukten versorgt. Nicht zu vergessen nat\u00fcrlich die regelm\u00e4\u00dfigen Lieferungen der regionalen Erzeuger \ud83d\ude42 Erg\u00e4nzend bestellen wir bei <a href=\"https:\/\/www.rapunzel.de\/\" target=\"_blank\" rel=\"noopener\">Rapunzel<\/a> und abgepackte Waren + Kosmetik bei <a href=\"https:\/\/www.biogarten.de\/\" target=\"_blank\" rel=\"noopener\">Biogarten.<\/a><\/p>\n<p>Sollte ihr dennoch mal etwas in unserem Sortiment vermissen, sprecht uns gerne an und wir versuchen euren Wunsch zu erf\u00fcllen.<\/p>\n","protected":false},"excerpt":{"rendered":"<div class=\"slide-text-bg2\"><span>Unsere \u00f6kologische Produktpalette Auf gut 90 m\u00b2 findet ihr in der Brennessel eine \u00fcberraschend gro\u00dfe Vielfalt an biologisch angebauten und produzierten<\/span><\/div>\n<div class=\"slide-btn-area-sm\"><a href=\"http:\/\/www.brennessel-kiel.de\/wordpress\/produkte\/\" class=\"slide-btn-sm\">weiterlesen<\/a><\/div>\n","protected":false},"author":1,"featured_media":0,"parent":0,"menu_order":0,"comment_status":"closed","ping_status":"closed","template":"","meta":{"footnotes":""},"_links":{"self":[{"href":"http:\/\/www.brennessel-kiel.de\/wordpress\/wp-json\/wp\/v2\/pages\/28"}],"collection":[{"href":"http:\/\/www.brennessel-kiel.de\/wordpress\/wp-json\/wp\/v2\/pages"}],"about":[{"href":"http:\/\/www.brennessel-kiel.de\/wordpress\/wp-json\/wp\/v2\/types\/page"}],"author":[{"embeddable":true,"href":"http:\/\/www.brennessel-kiel.de\/wordpress\/wp-json\/wp\/v2\/users\/1"}],"replies":[{"embeddable":true,"href":"http:\/\/www.brennessel-kiel.de\/wordpress\/wp-json\/wp\/v2\/comments?post=28"}],"version-history":[{"count":23,"href":"http:\/\/www.brennessel-kiel.de\/wordpress\/wp-json\/wp\/v2\/pages\/28\/revisions"}],"predecessor-version":[{"id":1815,"href":"http:\/\/www.brennessel-kiel.de\/wordpress\/wp-json\/wp\/v2\/pages\/28\/revisions\/1815"}],"wp:attachment":[{"href":"http:\/\/www.brennessel-kiel.de\/wordpress\/wp-json\/wp\/v2\/media?parent=28"}],"curies":[{"name":"wp","href":"https:\/\/api.w.org\/{rel}","templated":true}]}}